579132?
False
Is 2417484 a multiple of 1524?
False
Is 541291 a multiple of 7?
False
Is 3484431 a multiple of 69?
True
Is 352 a factor of 1723796?
False
Is 10 a factor of 228188?
False
Is 491 a factor of 6378090?
True
Is 6102550 a multiple of 13?
False
Is 876200 a multiple of 13?
True
Is 129 a factor of 380550?
True
Is 30 a factor of 166530?
True
Is 70300 a multiple of 5?
True
Is 49 a factor of 1329?
False
Is 448 a factor of 2318831?
False
Is 516 a factor of 220848?
True
Is 97240 a multiple of 4?
True
Is 78 a factor of 1360120?
False
Is 204145 a multiple of 11?
False
Is 133980 a multiple of 348?
True
Does 38 divide 41040?
True
Is 417274 a multiple of 286?
True
Is 318 a factor of 442246?
False
Does 51 divide 40567?
False
Does 42 divide 18754008?
True
Is 43272 a multiple of 364?
False
Does 89 divide 23058?
False
Does 82 divide 163259?
False
Is 3452393 a multiple of 355?
False
Does 14 divide 86457?
False
Is 7175006 a multiple of 29?
True
Is 14 a factor of 167132?
True
Is 17550 a multiple of 18?
True
Does 64 divide 4255384?
False
Is 31767 a multiple of 2?
False
Does 13 divide 149786?
True
Is 102495 a multiple of 56?
False
Does 1650 divide 9414139?
False
Is 22192 a multiple of 304?
True
Is 285768 a multiple of 9?
True
Is 1010573 a multiple of 403?
False
Does 60 divide 4304156?
False
Is 16 a factor of 290149?
False
Is 152 a factor of 1893916?
False
Is 866 a factor of 2738292?
True
Is 282548 a multiple of 64?
False
Does 3 divide 832440?
True
Is 452568 a multiple of 4?
True
Is 528231 a multiple of 11?
True
Is 539239 a multiple of 101?
True
Is 791251 a multiple of 16?
False
Is 265484 a multiple of 308?
False
Is 4864 a multiple of 445?
False
Is 66 a factor of 1354848?
True
Is 4 a factor of 2799?
False
Is 39 a factor of 1056315?
True
Is 1793 a factor of 7044697?
True
Is 2 a factor of 44365?
False
Is 10 a factor of 405452?
False
Is 1173663 a multiple of 17?
True
Does 12 divide 100404?
True
Does 45 divide 1215495?
True
Is 185182 a multiple of 2?
True
Is 198645 a multiple of 51?
True
Is 5239372 a multiple of 297?
False
Does 53 divide 132023?
True
Is 5279405 a multiple of 65?
False
Is 2071 a multiple of 4?
False
Is 238 a factor of 712810?
True
Is 3 a factor of 614808?
True
Is 13 a factor of 94068?
True
Is 23 a factor of 2702330?
False
Is 97 a factor of 594998?
True
Is 1633170 a multiple of 105?
True
Is 506736 a multiple of 16?
True
Is 39 a factor of 376662?
True
Does 1070 divide 19599190?
True
Is 97 a factor of 237941?
True
Does 624 divide 6542640?
True
Is 9308713 a multiple of 11?
False
Does 37 divide 73?
False
Is 317 a factor of 249600?
False
Does 253 divide 4598730?
False
Does 89 divide 157312?
False
Does 658 divide 2438548?
True
Is 18668 a multiple of 89?
False
Does 19 divide 5487067?
True
Does 213 divide 916285?
False
Is 27 a factor of 1038659?
False
Is 55 a factor of 78102?
False
Is 930819 a multiple of 2?
False
Is 1410048 a multiple of 384?
True
Is 574125 a multiple of 25?
True
Is 11384750 a multiple of 1469?
True
Is 389895 a multiple of 17?
True
Is 145977 a multiple of 13?
True
Is 484955 a multiple of 115?
True
Is 8141 a multiple of 2?
False
Does 325 divide 386157?
False
Is 54365 a multiple of 4?
False
Is 464 a factor of 3803408?
True
Is 222 a factor of 603174?
True
Is 4 a factor of 3575320?
True
Is 13630635 a multiple of 66?
False
Is 48466 a multiple of 23?
False
Is 145 a factor of 2674090?
True
Does 445 divide 2973490?
True
Is 280752 a multiple of 18?
False
Is 16 a factor of 26912?
True
Is 155 a factor of 305195?
True
Does 58 divide 58406?
True
Does 671 divide 13526018?
True
Does 94 divide 564000?
True
Does 4 divide 30592?
True
Is 304 a factor of 169024?
True
Does 1188 divide 205524?
True
Is 316128 a multiple of 148?
True
Is 1934814 a multiple of 187?
False
Is 16587 a multiple of 97?
True
Is 593530 a multiple of 10?
True
Is 585021 a multiple of 547?
False
Is 27 a factor of 156127?
False
Is 1502751 a multiple of 23?
True
Is 201 a factor of 908319?
True
Is 1757 a factor of 2441412?
False
Is 289 a factor of 842771?
False
Is 2104720 a multiple of 162?
False
Does 20 divide 1553778?
False
Is 6 a factor of 195906?
True
Does 38 divide 7106?
True
Does 408 divide 58073?
False
Is 24 a factor of 3954917?
False
Is 9054782 a multiple of 67?
True
Is 266 a factor of 446220?
False
Is 93 a factor of 2746569?
True
Is 14 a factor of 125132?
True
Is 134939 a multiple of 12?
False
Does 22 divide 471738?
False
Does 798 divide 4670876?
False
Is 3508788 a multiple of 92?
True
Is 6255233 a multiple of 40?
False
Does 96 divide 777600?
True
Is 61 a factor of 131825?
False
Is 108461 a multiple of 33?
False
Is 90 a factor of 527940?
True
Does 9 divide 65916?
True
Is 64 a factor of 10541041?
False
Is 3793472 a multiple of 13?
False
Does 15 divide 118185?
True
Is 12 a factor of 862746?
False
Is 1789839 even?
False
Is 106497 a multiple of 253?
False
Is 108 a factor of 100342?
False
Does 76 divide 752579?
False
Is 278 a factor of 193488?
True
Is 275 a factor of 414535?
False
Is 67 a factor of 389253?
False
Is 35 a factor of 112048?
False
Is 1443377 a multiple of 432?
False
Is 10140 a multiple of 5?
True
Does 1266 divide 14476710?
True
Is 6 a factor of 26352?
True
Is 44 a factor of 438548?
True
Is 2198756 a multiple of 133?
True
Does 17 divide 4200224?
True
Is 182234 a multiple of 26?
True
Is 2205480 a multiple of 30?
True
Is 6 a factor of 6007?
False
Is 325832 a multiple of 52?
True
Does 169 divide 174862?
False
Is 17 a factor of 557746?
False
Is 30 a factor of 6630?
True
Is 192249 a multiple of 94?
False
Does 55 divide 329670?
True
Does 3 divide 2121?
True
Is 114931 a multiple of 9?
False
Is 5276744 a multiple of 12?
False
Does 49 divide 2039233?
True
Does 118 divide 120832?
True
Is 72324 a multiple of 1476?
True
Is 584294 a multiple of 160?
False
Is 545784 a multiple of 10?
False
Is 2 a factor of 2829029?
False
Is 418 a factor of 2138906?
True
Does 34 divide 1544442?
False
Is 5094925 a multiple of 71?
False
Does 75 divide 39301?
False
Does 19 divide 1002972?
True
Is 515 a factor of 1613193?
False
Is 666621 a multiple of 9?
True
Does 32 divide 174464?
True
Is 4894704 a multiple of 48?
True
Does 321 divide 137067?
True
Is 16 a factor of 43504?
True
Is 16020 even?
True
Does 18 divide 2604420?
True
Is 101 a factor of 2026161?
True
Is 166 a factor of 446484?
False
Does 542 divide 19015830?
False
Does 23 divide 866019?
True
Does 98 divide 25676?
True
Is 163 a factor of 1995446?
True
Does 34 divide 233602?
False
Does 26 divide 4013074?
True
Is 40 a factor of 3594440?
True
Is 721950 a multiple of 150?
True
Is 5054 a multiple of 19?
True
Does 211 divide 5331337?
True
Is 15664677 a multiple of 269?
True
Does 135 divide 1171800?
True
Is 1311058 a multiple of 259?
True
Is 25 a factor of 648975?
True
Is 106 a factor of 13936?
False
Is 88 a factor of 311960?
True
Does 407 divide 415954?
True
Does 187 divide 6460245?
False
Is 745 a factor of 13043460?
True
Does 73 divide 4436243?
False
Is 74362 a multiple of 21?
False
Is 1263000 a multiple of 100?
True
Is 15921858 a multiple of 82?
True
Is 817 a factor of 21385792?
True
Is 192600 a multiple of 100?
True
Does 304 divide 79040?
True
Is 553011 a multiple of 2?
False
Does 17 divide 3494146?
True
Does 11 divide 3277021?
True
Is 10 a factor of 137869?
False
Does 261 divide 461574?
False
Is 316 a factor of 12049712?
True
Is 11 a factor of 2981207?
False
Is 574600 a multiple of 200?
True
Is 107 a factor of 12094638?
True
Is 3 a factor of 136395?
True
Is 423181 a multiple of 31?
True
Does 25 divide 1777237?
False
Does 32 divide 266496?
True
Is 331 a factor of 2394123?
True
Is 70876 a multiple of 10?
False
Is 126 a factor of 1230145?
False
Does 5 divide 42775?
True
Is 711333 a multiple of 38?
False
Does 296 divide 1392770?
False
Is 191084 a multiple of 268?
True
Does 344 divide 757399?
False
Is 1178080 a multiple of 37?
True
Is 21 a factor of 11846877?
True
Is 432426 a multiple of 9?
False
Is 23 a factor of 30015?
True
Is 995275 a multiple of 193?
False
Is 110 a multiple of 10?
True
Does 4 divide 80059?
False
Is 11317205 a multiple of 14?
False
Does 103 divide 3703159?
True
Is 213 a factor of 120558?
True
Is 9 a factor of 1275682?
False
Is 4 a factor of 8943784?
True
Is 83068 a multiple of 5?
False
Does 43 divide 70735?
True
Does 440 divide 215160?
T